{"id":30,"date":"2024-05-14T15:23:28","date_gmt":"2024-05-14T13:23:28","guid":{"rendered":"https:\/\/cgtcpamoise.fr\/?page_id=30"},"modified":"2024-06-07T12:55:24","modified_gmt":"2024-06-07T10:55:24","slug":"contact","status":"publish","type":"page","link":"https:\/\/cgtcpamoise.fr\/index.php\/contact\/","title":{"rendered":"Pr\u00e9sentation, Contact et Adhesion"},"content":{"rendered":"\n<figure class=\"wp-block-image size-large\"><img loading=\"lazy\" decoding=\"async\" width=\"1024\" height=\"575\" src=\"https:\/\/cgtcpamoise.fr\/wp-content\/uploads\/2024\/06\/WP_20140318_001-1024x575.jpg\" alt=\"\" class=\"wp-image-128\" srcset=\"https:\/\/cgtcpamoise.fr\/wp-content\/uploads\/2024\/06\/WP_20140318_001-1024x575.jpg 1024w, https:\/\/cgtcpamoise.fr\/wp-content\/uploads\/2024\/06\/WP_20140318_001-300x169.jpg 300w, https:\/\/cgtcpamoise.fr\/wp-content\/uploads\/2024\/06\/WP_20140318_001-768x431.jpg 768w, https:\/\/cgtcpamoise.fr\/wp-content\/uploads\/2024\/06\/WP_20140318_001.jpg 1296w\" sizes=\"auto, (max-width: 1024px) 100vw, 1024px\" \/><\/figure>\n\n\n\n<p>Rejoindre la CGT Protection Sociale, c&rsquo;est choisir de d\u00e9fendre vos droits et ceux de vos coll\u00e8gues avec d\u00e9termination et solidarit\u00e9. En tant que branche de la Conf\u00e9d\u00e9ration G\u00e9n\u00e9rale du Travail (CGT), nous nous engageons pour la protection sociale des travailleurs dans tous les domaines : sant\u00e9, retraite, ch\u00f4mage et conditions de travail. Notre action ne se limite pas \u00e0 la revendication de droits, mais s&rsquo;\u00e9tend \u00e0 la participation active aux n\u00e9gociations avec les employeurs et les pouvoirs publics. <\/p>\n\n\n\n<p>Contrairement \u00e0 certains syndicats, <strong>la CGT participe pleinement aux discussions au niveau national<\/strong> pour garantir des politiques publiques justes et \u00e9quitables. <\/p>\n\n\n\n<p><strong>Depuis 1975, la CGT est pr\u00e9sente dans la CPAM de l&rsquo;Oise, d\u00e9fendant les int\u00e9r\u00eats des travailleurs et contribuant \u00e0 l&rsquo;am\u00e9lioration de leurs conditions de vie. <\/strong><\/p>\n\n\n\n<p>Il est \u00e9galement important de souligner que la CGT a jou\u00e9 un r\u00f4le crucial dans la cr\u00e9ation de la S\u00e9curit\u00e9 Sociale en France, en contribuant activement aux mouvements sociaux et aux n\u00e9gociations ayant conduit \u00e0 l&rsquo;adoption de la loi sur la S\u00e9curit\u00e9 Sociale en 1945. <\/p>\n\n\n\n<p>En nous rejoignant, vous b\u00e9n\u00e9ficierez d&rsquo;un r\u00e9seau solide et engag\u00e9, pr\u00eat \u00e0 vous soutenir dans <strong>toutes <\/strong>les situations professionnelles. Ensemble, nous \u0153uvrons pour construire une soci\u00e9t\u00e9 plus \u00e9quitable, o\u00f9 chacun peut b\u00e9n\u00e9ficier d&rsquo;une protection sociale de qualit\u00e9 et de conditions de travail dignes.<\/p>\n\n\n\n<p><strong>Qui sommes-nous ?<br><\/strong>Des syndiqu\u00e9s employ\u00e9s et cadres, des \u00e9lus pr\u00e9sents sur tous les sites de la CPAM de l&rsquo;Oise Avec une culture syndicale acquise apr\u00e8s des formations et des ann\u00e9es d&rsquo;exp\u00e9rience pour la d\u00e9fense de vos droits.<br>Plus de Creillois, de Beauvaisiens ou de Compi\u00e8gnois, tous ensemble, nous avan\u00e7ons vers un vrai changement.<br>Agir pour avancer dans la vie sociale de l&rsquo;entreprise au b\u00e9n\u00e9fice de chacun.<\/p>\n\n\n\n<p><strong>Pourquoi la CGT CPAM Oise ?<br><\/strong>Pour instaurer un vrai dialogue social avec un esprit collaboratif, participatif, revendicatif, constructif et pour le collectif.<\/p>\n\n\n\n<p>Placer les salari\u00e9s au coeur de la d\u00e9marche revendicative en \u00e9tant \u00e0 l&rsquo;\u00e9coute de leur dol\u00e9ance et de leur aspiration. C&rsquo;est ainsi que la CGT engage la construction du rapport de force. C&rsquo;est en partant des r\u00e9alit\u00e9s du travail de chacun que l&rsquo;on peut d\u00e9velopper l&rsquo;action collective et peser sur les d\u00e9cisions strat\u00e9giques et en imposer d&rsquo;autres.<\/p>\n\n\n\n<p><strong>Un peu d&rsquo;histoire<br><\/strong>En 128 ans d&rsquo;histoire, la CGT a toujours \u00e9t\u00e9 au coeur des combats dans le respect des valeurs du travailleurs.<br>&#8211; En 1936 apr\u00e8s un mouvement de gr\u00e8ve massif, les travailleurs et travailleuses accompagn\u00e9(e)s par la CGT ont gagn\u00e9s deux semaines de cong\u00e9s pay\u00e9s.<br>&#8211; En 1956, la troisi\u00e8me semaine est vot\u00e9e.<br>&#8211; En 1969 la quatri\u00e8me, une revendication de Mai 68.<br>&#8211; En 1982 on gagne la cinqui\u00e8me semaine.<\/p>\n\n\n\n<p>Il y a 25 ans, la gr\u00e8ve de novembre et d\u00e9cembre 1995 for\u00e7ait le gouvernement Jupp\u00e9 \u00e0 reculer et \u00e0 abandonner les attaques qu&rsquo;il avait programm\u00e9s contre les travailleurs : La r\u00e9forme des retraites concernant les fonctionnaires et les r\u00e9gimes sp\u00e9ciaux, ainsi que son projet de contrat de plan ferroviaire.<\/p>\n\n\n\n<p>2006 Contrat 1\u00e8re embauche : r\u00e9sistance de la CGT face \u00e0 la casse des acquis sociaux.<\/p>\n\n\n\n<p>La CGT revendique 640 000 militants en 2022 via 30 000 implantations dans les entreprises et un millier d&rsquo;unions locales.<\/p>\n\n\n\n<p><strong><em>Le + : Une repr\u00e9sentation Nationale<\/em><\/strong><br>Une organisation syndicale doit recueillir au moins 8% des suffrages exprim\u00e9s<br>pour \u00eatre repr\u00e9sentative au niveau interprofessionnel.<\/p>\n\n\n\n<p>Mesure de repr\u00e9sentativit\u00e9 CGT 2021 : 22.96%<\/p>\n\n\n\n<p><strong>Se syndiquer est un droit , \u00e0 la CGT c&rsquo;est un plus !<\/strong><\/p>\n\n\n\n<p>Pour nos salaires et nos conditions de travail, venez renforcer la liste CGT CPAM OISE<\/p>\n\n\n\n<p>La travail a plusieurs visages, la CGT \u00e0 le votre.<br>La CGT est le 1er syndicat dans l&rsquo;ensemble des organismes de s\u00e9curit\u00e9 sociale en France, elle est pr\u00e9sente sur l&rsquo;ensemble des caisses du territoire.<br>Partout o\u00f9 les salari\u00e9s se syndiquent et votent CGT, des propositions sont faites pour am\u00e9liorer les conditions de travail et les droits, lutter contre les discriminations et faire progresser les salaires.<\/p>\n\n\n\n<p><strong>Etre \u00e9lu sur une liste CGT, c&rsquo;est repr\u00e9senter les salari\u00e9(e)s pour :<\/strong><\/p>\n\n\n\n<ul class=\"wp-block-list\">\n<li>des augmentations de salaires et une am\u00e9lioration des conditions de travail<\/li>\n\n\n\n<li>Poser toutes les questions utiles au CSE<\/li>\n\n\n\n<li>N\u00e9gocier des accords favorables au salari\u00e9(e)salaires<\/li>\n<\/ul>\n\n\n\n<p><strong>Etre \u00e9lu sur une liste CGT, c&rsquo;est b\u00e9n\u00e9ficier d&rsquo;une structure syndicale :<\/strong><\/p>\n\n\n\n<ul class=\"wp-block-list\">\n<li>Etre inform\u00e9(e) et form\u00e9(e) sur vos droits et moyens d&rsquo;etre \u00e9lu(e)<\/li>\n\n\n\n<li>Etre aid\u00e9(e) et conseill\u00e9(e) dans son mandat<\/li>\n\n\n\n<li>Etre en contact avec les autres syndicats de l&rsquo;entreprise et du secteur.<\/li>\n<\/ul>\n\n\n\n<p>La cotisation mensuelle CGT est de 1% du salaire net.<br><em>Cette cotisation syndicale est d\u00e9ductible \u00e0 hauteur de 66% de votre imposition ou si non-imposable, elle est rembours\u00e9e en cr\u00e9dit d&rsquo;impot \u00e0 hauteur de 66%<\/em><\/p>\n\n\n\n<p>Rejoignez la CGT pour faire entendre votre voix et agir concr\u00e8tement en faveur d&rsquo;un monde du travail plus humain. Syndiquez-vous avec <a href=\"http:\/\/cgtcpamoise.fr\/wp-content\/uploads\/2024\/06\/Bulletin_adhesion_2023.pdf\">notre bulletin d&rsquo;adh\u00e9sion<\/a>.<\/p>\n","protected":false},"excerpt":{"rendered":"<p>Rejoindre la CGT Protection Sociale, c&rsquo;est choisir de d\u00e9fendre vos droits et ceux de vos coll\u00e8gues avec d\u00e9termination et solidarit\u00e9. En tant que branche de la Conf\u00e9d\u00e9ration G\u00e9n\u00e9rale du Travail (CGT), nous nous engageons pour la protection sociale des travailleurs dans tous les domaines : sant\u00e9, retraite, ch\u00f4mage et conditions de travail. Notre action ne [&hellip;]<\/p>\n","protected":false},"author":2,"featured_media":0,"parent":0,"menu_order":0,"comment_status":"closed","ping_status":"closed","template":"","meta":{"footnotes":""},"class_list":["post-30","page","type-page","status-publish","hentry"],"_links":{"self":[{"href":"https:\/\/cgtcpamoise.fr\/index.php\/wp-json\/wp\/v2\/pages\/30","targetHints":{"allow":["GET"]}}],"collection":[{"href":"https:\/\/cgtcpamoise.fr\/index.php\/wp-json\/wp\/v2\/pages"}],"about":[{"href":"https:\/\/cgtcpamoise.fr\/index.php\/wp-json\/wp\/v2\/types\/page"}],"author":[{"embeddable":true,"href":"https:\/\/cgtcpamoise.fr\/index.php\/wp-json\/wp\/v2\/users\/2"}],"replies":[{"embeddable":true,"href":"https:\/\/cgtcpamoise.fr\/index.php\/wp-json\/wp\/v2\/comments?post=30"}],"version-history":[{"count":17,"href":"https:\/\/cgtcpamoise.fr\/index.php\/wp-json\/wp\/v2\/pages\/30\/revisions"}],"predecessor-version":[{"id":153,"href":"https:\/\/cgtcpamoise.fr\/index.php\/wp-json\/wp\/v2\/pages\/30\/revisions\/153"}],"wp:attachment":[{"href":"https:\/\/cgtcpamoise.fr\/index.php\/wp-json\/wp\/v2\/media?parent=30"}],"curies":[{"name":"wp","href":"https:\/\/api.w.org\/{rel}","templated":true}]}}

Présentation, Contact et Adhesion

<figure class="wp-block-image size-large"><img loading="lazy" decoding="async" width="1024" height="575" src="https://cgtcpamoise.fr/wp-content/uploads/2024/06/WP_20140318_001-1024x575.jpg" alt="" class="wp-image-128" srcset="https://cgtcpamoise.fr/wp-content/uploads/2024/06/WP_20140318_001-1024x575.jpg 1024w, https://cgtcpamoise.fr/wp-content/uploads/2024/06/WP_20140318_001-300x169.jpg 300w, https://cgtcpamoise.fr/wp-content/uploads/2024/06/WP_20140318_001-768x431.jpg 768w, https://cgtcpamoise.fr/wp-content/uploads/2024/06/WP_20140318_001.jpg 1296w" sizes="auto, (max-width: 1024px) 100vw, 1024px" /></figure>



<p>Rejoindre la CGT Protection Sociale, c&rsquo;est choisir de défendre vos droits et ceux de vos collègues avec détermination et solidarité. En tant que branche de la Confédération Générale du Travail (CGT), nous nous engageons pour la protection sociale des travailleurs dans tous les domaines : santé, retraite, chômage et conditions de travail. Notre action ne se limite pas à la revendication de droits, mais s&rsquo;étend à la participation active aux négociations avec les employeurs et les pouvoirs publics. </p>



<p>Contrairement à certains syndicats, <strong>la CGT participe pleinement aux discussions au niveau national</strong> pour garantir des politiques publiques justes et équitables. </p>



<p><strong>Depuis 1975, la CGT est présente dans la CPAM de l&rsquo;Oise, défendant les intérêts des travailleurs et contribuant à l&rsquo;amélioration de leurs conditions de vie. </strong></p>



<p>Il est également important de souligner que la CGT a joué un rôle crucial dans la création de la Sécurité Sociale en France, en contribuant activement aux mouvements sociaux et aux négociations ayant conduit à l&rsquo;adoption de la loi sur la Sécurité Sociale en 1945. </p>



<p>En nous rejoignant, vous bénéficierez d&rsquo;un réseau solide et engagé, prêt à vous soutenir dans <strong>toutes </strong>les situations professionnelles. Ensemble, nous œuvrons pour construire une société plus équitable, où chacun peut bénéficier d&rsquo;une protection sociale de qualité et de conditions de travail dignes.</p>



<p><strong>Qui sommes-nous ?<br></strong>Des syndiqués employés et cadres, des élus présents sur tous les sites de la CPAM de l&rsquo;Oise Avec une culture syndicale acquise après des formations et des années d&rsquo;expérience pour la défense de vos droits.<br>Plus de Creillois, de Beauvaisiens ou de Compiègnois, tous ensemble, nous avançons vers un vrai changement.<br>Agir pour avancer dans la vie sociale de l&rsquo;entreprise au bénéfice de chacun.</p>



<p><strong>Pourquoi la CGT CPAM Oise ?<br></strong>Pour instaurer un vrai dialogue social avec un esprit collaboratif, participatif, revendicatif, constructif et pour le collectif.</p>



<p>Placer les salariés au coeur de la démarche revendicative en étant à l&rsquo;écoute de leur doléance et de leur aspiration. C&rsquo;est ainsi que la CGT engage la construction du rapport de force. C&rsquo;est en partant des réalités du travail de chacun que l&rsquo;on peut développer l&rsquo;action collective et peser sur les décisions stratégiques et en imposer d&rsquo;autres.</p>



<p><strong>Un peu d&rsquo;histoire<br></strong>En 128 ans d&rsquo;histoire, la CGT a toujours été au coeur des combats dans le respect des valeurs du travailleurs.<br>&#8211; En 1936 après un mouvement de grève massif, les travailleurs et travailleuses accompagné(e)s par la CGT ont gagnés deux semaines de congés payés.<br>&#8211; En 1956, la troisième semaine est votée.<br>&#8211; En 1969 la quatrième, une revendication de Mai 68.<br>&#8211; En 1982 on gagne la cinquième semaine.</p>



<p>Il y a 25 ans, la grève de novembre et décembre 1995 forçait le gouvernement Juppé à reculer et à abandonner les attaques qu&rsquo;il avait programmés contre les travailleurs : La réforme des retraites concernant les fonctionnaires et les régimes spéciaux, ainsi que son projet de contrat de plan ferroviaire.</p>



<p>2006 Contrat 1ère embauche : résistance de la CGT face à la casse des acquis sociaux.</p>



<p>La CGT revendique 640 000 militants en 2022 via 30 000 implantations dans les entreprises et un millier d&rsquo;unions locales.</p>



<p><strong><em>Le + : Une représentation Nationale</em></strong><br>Une organisation syndicale doit recueillir au moins 8% des suffrages exprimés<br>pour être représentative au niveau interprofessionnel.</p>



<p>Mesure de représentativité CGT 2021 : 22.96%</p>



<p><strong>Se syndiquer est un droit , à la CGT c&rsquo;est un plus !</strong></p>



<p>Pour nos salaires et nos conditions de travail, venez renforcer la liste CGT CPAM OISE</p>



<p>La travail a plusieurs visages, la CGT à le votre.<br>La CGT est le 1er syndicat dans l&rsquo;ensemble des organismes de sécurité sociale en France, elle est présente sur l&rsquo;ensemble des caisses du territoire.<br>Partout où les salariés se syndiquent et votent CGT, des propositions sont faites pour améliorer les conditions de travail et les droits, lutter contre les discriminations et faire progresser les salaires.</p>



<p><strong>Etre élu sur une liste CGT, c&rsquo;est représenter les salarié(e)s pour :</strong></p>



<ul class="wp-block-list">
<li>des augmentations de salaires et une amélioration des conditions de travail</li>



<li>Poser toutes les questions utiles au CSE</li>



<li>Négocier des accords favorables au salarié(e)salaires</li>
</ul>



<p><strong>Etre élu sur une liste CGT, c&rsquo;est bénéficier d&rsquo;une structure syndicale :</strong></p>



<ul class="wp-block-list">
<li>Etre informé(e) et formé(e) sur vos droits et moyens d&rsquo;etre élu(e)</li>



<li>Etre aidé(e) et conseillé(e) dans son mandat</li>



<li>Etre en contact avec les autres syndicats de l&rsquo;entreprise et du secteur.</li>
</ul>



<p>La cotisation mensuelle CGT est de 1% du salaire net.<br><em>Cette cotisation syndicale est déductible à hauteur de 66% de votre imposition ou si non-imposable, elle est remboursée en crédit d&rsquo;impot à hauteur de 66%</em></p>



<p>Rejoignez la CGT pour faire entendre votre voix et agir concrètement en faveur d&rsquo;un monde du travail plus humain. Syndiquez-vous avec <a href="http://cgtcpamoise.fr/wp-content/uploads/2024/06/Bulletin_adhesion_2023.pdf">notre bulletin d&rsquo;adhésion</a>.</p>

<p>Rejoindre la CGT Protection Sociale, c&rsquo;est choisir de défendre vos droits et ceux de vos collègues avec détermination et solidarité. En tant que branche de la Confédération Générale du Travail (CGT), nous nous engageons pour la protection sociale des travailleurs dans tous les domaines : santé, retraite, chômage et conditions de travail. Notre action ne [&hellip;]</p>
